5
21320
What is 23c (base 13) in base 9?
472
What is 2218 (base 12) in base 16?
eb4
What is 40552 (base 6) in base 10?
5396
Convert 10011001110 (base 2) to base 8.
2316
What is 1101001110001 (base 2) in base 12?
3b01
12588 (base 9) to base 8
20470
What is 312 (base 6) in base 7?
224
What is 110101101 (base 2) in base 8?
655
50861 (base 9) to base 14
c2d6
Convert -104123 (base 5) to base 12.
-2153
-2377 (base 16) to base 4
-2031313
What is -10010011010110 (base 2) in base 12?
-555a
555 (base 10) to base 3
202120
344 (base 11) to base 14
215
30300 (base 4) to base 3
1010020
31301 (base 4) to base 15
3db
What is -223410 (base 5) in base 9?
-11846
-134504 (base 6) to base 12
-7434
Convert 13892 (base 11) to base 13.
8c78
Convert 352 (base 8) to base 14.
12a
Convert -220201021 (base 3) to base 12.
-a514
Convert -14110 (base 5) to base 6.
-5203
What is 4428 (base 12) in base 8?
16540
Convert -77609 (base 10) to base 15.
-17ede
What is -1101 (base 8) in base 14?
-2d3
What is 3616 (base 11) in base 12?
28a8
141204 (base 5) to base 4
1122230
What is 1313 (base 5) in base 13?
130
What is 11566 (base 9) in base 4?
1321023
What is 748 (base 13) in base 3?
1201001
Convert 100010000010011 (base 2) to base 7.
101544
Convert -3458 (base 13) to base 9.
-11055
198d (base 14) to base 16
1219
Convert 220101100 (base 3) to base 16.
456f
What is -32581 (base 9) in base 6?
-244031
Convert 1211 (base 10) to base 12.
84b
Convert -16212 (base 7) to base 15.
-1546
What is -2665 (base 15) in base 3?
-102020112
Convert -4e84 (base 15) to base 12.
-985a
What is 1101100010000 (base 2) in base 7?
26125
What is 133032 (base 5) in base 14?
1d72
Convert 4343 (base 5) to base 7.
1513
-744 (base 11) to base 6
-4051
What is 1e28 (base 15) in base 14?
256b
Convert -3316 (base 11) to base 16.
-1115
Convert -183 (base 16) to base 15.
-1ac
Convert -422233 (base 5) to base 8.
-33364
-617c (base 15) to base 7
-114015
1677 (base 8) to base 10
959
Convert -15150 (base 7) to base 8.
-10150
What is 6b0 (base 15) in base 8?
2753
What is 111110100 (base 2) in base 6?
2152
What is 21473 (base 8) in base 13?
414a
What is 201011 (base 3) in base 6?
2221
Convert 105232 (base 8) to base 2.
1000101010011010
35e (base 16) to base 6
3554
Convert 1625 (base 16) to base 11.
4294
What is -31066 (base 7) in base 13?
-35c2
What is -2b4 (base 15) in base 12?
-437
Convert 33121 (base 4) to base 16.
3d9
What is 212321 (base 5) in base 2?
1110000101011
Convert b8d4 (base 14) to base 10.
31938
What is -806a (base 13) in base 11?
-122a9
Convert -22101120 (base 3) to base 2.
-1011111100101
Convert 14183 (base 11) to base 9.
30608
What is -11000001100011 (base 2) in base 5?
-344022
What is 415023 (base 6) in base 8?
101327
What is -1312121 (base 4) in base 7?
-31043
-425 (base 16) to base 9
-1408
21245 (base 7) to base 14
1ccc
1121 (base 12) to base 14
997
What is 5319 (base 10) in base 11?
3aa6
-1000010010001110 (base 2) to base 4
-20102032
What is 232001 (base 4) in base 7?
11405
What is -21345 (base 12) in base 15?
-ce25
What is 203 (base 13) in base 3?
110122
Convert -4217 (base 8) to base 10.
-2191
What is -24b5 (base 15) in base 9?
-11648
What is -797 (base 10) in base 11?
-665
264 (base 16) to base 10
612
33455 (base 7) to base 12
4a98
-111011000100011 (base 2) to base 11
-207a4
What is -2ea (base 16) in base 2?
-1011101010
3031 (base 5) to base 9
474
What is -10b2 (base 12) in base 5?
-24422
Convert 178 (base 10) to base 4.
2302
Convert 3242 (base 5) to base 10.
447
Convert 4447 (base 9) to base 12.
1a97
Convert 27156 (base 9) to base 14.
6993
333506 (base 7) to base 13
20a71
-1bc (base 16) to base 7
-1203
What is 14152 (base 8) in base 15?
1cba
23b (base 12) to base 15
175
1000001000 (base 2) to base 14
292
What is -4241 (base 5) in base 3?
-210011
Convert -657 (base 15) to base 8.
-2630
What is -3043 (base 6) in base 11?
-564
What is -458 (base 11) in base 8?
-1043
-292 (base 13) to base 9
-557
What is -81 (base 11) in base 2?
-1011001
824 (base 10) to base 7
2255
What is -984 (base 16) in base 15?
-ac6
Convert -1232323 (base 4) to base 2.
-1101110111011
Convert -7636 (base 12) to base 13.
-5bc2
Convert -4cd3 (base 16) to base 14.
-724b
10010001101 (base 2) to base 4
102031
What is -1540 (base 8) in base 15?
-3c9
Convert 266 (base 13) to base 8.
646
Convert -671 (base 9) to base 13.
-334
Convert 1010101010 (base 2) to base 12.
48a
Convert 573 (base 11) to base 3.
221101
Convert 30111300 (base 4) to base 12.
25300
1143 (base 13) to base 11
1901
-3130 (base 5) to base 14
-219
What is -3521 (base 7) in base 5?
-20124
Convert 4513 (base 7) to base 11.
124a
-300 (base 14) to base 6
-2420
Convert -220112 (base 3) to base 6.
-3022
What is 73c4 (base 15) in base 16?
5fa4
1a85 (base 15) to base 13
2804
-1034a (base 11) to base 5
-440213
Convert 150664 (base 7) to base 2.
111000111100000
-431545 (base 6) to base 11
-24678
What is -1100000000110 (base 2) in base 13?
-2a51
Convert 2142 (base 6) to base 10.
494
1480 (base 13) to base 2
101110100001
What is 2201011 (base 3) in base 15?
8ba
Convert -386 (base 9) to base 16.
-141
10000011110 (base 2) to base 5
13204
-544253 (base 6) to base 16
-afe9
Convert -48a (base 13) to base 9.
-1067
1101001110 (base 2) to base 5
11341
What is -381 (base 10) in base 14?
-1d3
What is -100010010100 (base 2) in base 12?
-1330
What is -c5 (base 16) in base 11?
-16a
What is -101100111101111 (base 2) in base 4?
-11213233
Convert 963 (base 11) to base 2.
10010000110
What is 1952 (base 11) in base 5?
34402
What is -214255 (base 6) in base 7?
-102644
1223 (base 5) to base 2
10111100
What is 2c10 (base 16) in base 4?
2300100
-a995 (base 13) to base 12
-117b9
6889 (base 10) to base 8
15351
What is 21121002 (base 4) in base 3?
1221202200
Convert -221222 (base 3) to base 15.
-31b
Convert 2793 (base 11) to base 9.
4852
21110 (base 3) to base 9
243
What is -11221122 (base 3) in base 10?
-3608
What is 36 (base 14) in base 3?
1210
-853 (base 12) to base 16
-4bf
-5273 (base 9) to base 15
-1233
What is 60286 (base 9) in base 10?
39606
-11000100011000 (base 2) to base 12
-7334
What is -21202220 (base 3) in base 7?
-22344
What is -132022 (base 4) in base 5?
-30210
What is -36b (base 13) in base 5?
-4341
What is 10502 (base 6) in base 14?
778
Convert 1090 (base 10) to base 3.
1111101
Convert 3804 (base 10) to base 7.
14043
Convert -10001101110101011 (base 2) to base 10.
-72619
Convert 4a (base 15) to base 7.
130
What is 1347 (base 9) in base 11?
843
Convert -28839 (base 10) to base 12.
-14833
What is -22202 (base 7) in base 3?
-21122222
-2131221 (base 4) to base 13
-4791
What is 7780 (base 12) in base 2?
11001110010000
What is 2149 (base 14) in base 12?
33b1
40657 (base 11) to base 2
1110011111011000
What is -26fa (base 16) in base 10?
-9978
What is 122222 (base 3) in base 11?
401
What is -1022222 (base 3) in base 2?
-1111001011
-2142334 (base 5) to base 9
-56044
-118a (base 13) to base 12
-1528
100a (base 16) to base 11
30a3
What is -35a1 (base 11) in base 10?
-4709
Convert -6432 (base 12) to base 7.
-44006
Convert 7588 (base 12) to base 7.
52445
1001011011 (base 2) to base 16
25b
What is -7122 (base 12) in base 2?
-10111111101010
-2010 (base 5) to base 12
-193
Convert -1111011101 (base 2) to base 10.
-989
What is 343 (base 11) in base 4?
12122
Convert 102002 (base 4) to base 11.
95a
What is 1111000000110 (base 2) in base 3?
101112200
Convert 21045 (base 6) to base 5.
42322
Convert -110324 (base 5) to base 8.
-7377
What is 16812 (base 10) in base 6?
205500
Convert -25a6 (base 13) to base 9.
-7332
-2916 (base 13) to base 8
-13456
114 (base 13) to base 10
186
101103 (base 4) to base 13
672
111000001 (base 2) to base 13
287
What is 242 (base 8) in base 15?
ac
Convert 10614 (base 7) to base 15.
c06
What is -1100110 (base 3) in base 2?
-1111011000
What is 2102110101 (base 3) in base 5?
3011334
Convert -100110200 (base 3) to base 14.
-2731
What is 649c (base 13) in base 15?
4227
What is 7040 (base 10) in base 16?
1b80
-28d (base 15) to base 7
-1462
Convert 6671 (base 11) to base 16.
2256
Convert -14224 (base 5) to base 8.
-2245
What is 45e (base 15) in base 8?
1735
What is -2854 (base 14) in base 2?
-1101111011010
Convert 3143 (base 6) to base 4.
23013
Convert 10100111110 (base 2) to base 14.
6bc
-4010